55601?
-255455565
In base 4, what is 22 + -1000230121232?
-1000230121210
In base 5, what is 1324040 + 311122?
2140212
In base 15, what is 543 - 640?
-ec
In base 4, what is -202101 + -13312?
-222013
In base 12, what is 8a2a - -5b35?
12963
In base 12, what is -232 + 5258?
5026
In base 5, what is 103141 + -3401244?
-3243103
In base 10, what is 174 + -188384?
-188210
In base 14, what is 16 + -ba9100?
-ba90c8
In base 2, what is -1 + -101111100100010110?
-101111100100010111
In base 15, what is -3b - -7561a?
755ce
In base 14, what is -da + -152224?
-152320
In base 12, what is -67 - -249603?
249558
In base 10, what is 2623968 + 118?
2624086
In base 9, what is -586440 - -40?
-586400
In base 8, what is 16622670 - -2?
16622672
In base 15, what is -38179 - -3a?
-3813e
In base 4, what is 20102032323 - -1?
20102032330
In base 13, what is 2b82cbc - 0?
2b82cbc
In base 4, what is -20103102 - 3111?
-20112213
In base 9, what is 18008 + -8181?
8717
In base 11, what is -16221 + 352?
-1597a
In base 2, what is -11000111 + 1010010010010110?
1010001111001111
In base 5, what is 332 + -110124312?
-110123430
In base 15, what is 10 - -2d9c0?
2d9d0
In base 7, what is 132205566 + -41?
132205525
In base 4, what is 31322022 + -2223?
31313133
In base 16, what is 2a - -18a65b?
18a685
In base 11, what is 4431770 - -49?
4431809
In base 14, what is 20 + 84ccab?
84cccb
In base 2, what is -11 - 1000001101001011011?
-1000001101001011110
In base 14, what is -5cdab797 + 1?
-5cdab796
In base 3, what is -1222110201122 + -1222?
-1222110210121
In base 2, what is 1010 - 1100011100101010001001?
-1100011100101001111111
In base 9, what is 2 + -22011381?
-22011378
In base 15, what is -15a743 + -34?
-15a777
In base 2, what is 101101001011 - 1010001010001?
-100100000110
In base 16, what is -167 + 26cfb?
26b94
In base 5, what is -24443413 + -244?
-24444212
In base 12, what is -2294752 - -2?
-2294750
In base 7, what is 2333 + 303135?
305501
In base 8, what is -13374013754 + 5?
-13374013747
In base 16, what is -e + -4a9f3?
-4aa01
In base 15, what is 33c - -aa90a?
aac47
In base 5, what is -142411 + 11310?
-131101
In base 14, what is -5cb - -83b52?
83565
In base 5, what is 24 + -334202201?
-334202122
In base 12, what is a41a80 + 6?
a41a86
In base 6, what is 15553 + 1031541?
1051534
In base 3, what is 1111210000210 - -2222?
1111210010202
In base 3, what is -10 + -10022202002201?
-10022202002211
In base 12, what is 1 + b367b44?
b367b45
In base 5, what is 11340143010 + -2?
11340143003
In base 5, what is -121100 - -40114?
-30431
In base 14, what is 35 - 407d82?
-407d4b
In base 2, what is -11001110011011100 + 1000011100?
-11001101011000000
In base 12, what is -29581 - -1b4?
-29389
In base 4, what is 12310 - 1132203?
-1113233
In base 9, what is -13037812 + 5?
-13037806
In base 9, what is -32887143 - -1?
-32887142
In base 11, what is 22955383 - -1?
22955384
In base 13, what is b0 - 281a7?
-280c7
In base 5, what is -331 + -341222013?
-341222344
In base 5, what is 24 - -10213433321?
10213433400
In base 11, what is 3 - 805a6551?
-805a6549
In base 7, what is 5 + -2114455?
-2114450
In base 10, what is -2968457 - 27?
-2968484
In base 9, what is -17462377 - 5?
-17462383
In base 15, what is -165 + -a70?
-bd5
In base 6, what is -14424511 + -1422?
-14430333
In base 12, what is 29700 - 1890?
27a30
In base 16, what is 1 + 59e28?
59e29
In base 3, what is 2210110220001 - -212?
2210110220220
In base 11, what is -860009 - 20?
-860029
In base 12, what is 4063045 - -1?
4063046
In base 10, what is 11 - 4611385?
-4611374
In base 6, what is -324 + -1504221?
-1504545
In base 15, what is 4900d + 4?
49012
In base 7, what is -13 - -346620411?
346620365
In base 7, what is -20 - 25440022?
-25440042
In base 8, what is 6723761 + -6?
6723753
In base 10, what is 0 - -26031104?
26031104
In base 14, what is 27b345 - 34?
27b311
In base 2, what is 111101001110001000111 + 10?
111101001110001001001
In base 4, what is 133 + 3133331020?
3133331213
In base 3, what is -2000011111021 + 21?
-2000011111000
In base 2, what is -1001010100100 + -101010000110100?
-110011011011000
In base 12, what is -196b30961 - 2?
-196b30963
In base 8, what is -5 + 373601771?
373601764
In base 8, what is 3 - -44371066?
44371071
In base 15, what is 25c1150 + -5?
25c114a
In base 10, what is -12712469 - -4?
-12712465
In base 11, what is -388a77 + -8?
-388a84
In base 3, what is 0 + -20200212001121020?
-20200212001121020
In base 13, what is 304 - -777b?
7a82
In base 2, what is 10 + 11001101011010110110?
11001101011010111000
In base 16, what is 5 - -23a00?
23a05
In base 10, what is -284 + -16244?
-16528
In base 11, what is -78 - -939498?
939420
In base 15, what is 3adb9 - 18e?
3ac2a
In base 14, what is -4235d5 + 2?
-4235d3
In base 11, what is -1482 + -217730?
-219102
In base 5, what is 123 + 132202312?
132202440
In base 9, what is -38 - 1248354?
-1248403
In base 3, what is 10 + 1222011002212211?
1222011002212221
In base 16, what is -2c2242 + 2f?
-2c2213
In base 12, what is 225 + 179a6a?
17a093
In base 5, what is 210223100 - -24?
210223124
In base 7, what is 23 + 232345?
232401
In base 7, what is -45 + -1622240?
-1622315
In base 13, what is 2 + 6c9520?
6c9522
In base 7, what is -4666223500 - -4?
-4666223463
In base 4, what is -202310333023 - -11?
-202310333012
In base 10, what is -13411 - -402?
-13009
In base 5, what is 111444 - -102431133?
103043132
In base 9, what is 1415 - 2715?
-1300
In base 14, what is -76d - c088?
-c817
In base 12, what is 526b + 13237?
184a6
In base 15, what is -3da4 + -2?
-3da6
In base 10, what is -3609712 + -61?
-3609773
In base 10, what is 9688985 - 5?
9688980
In base 4, what is -1231010 + -131111201?
-133002211
In base 9, what is 73801560 - 2?
73801557
In base 13, what is -5376a - -21?
-53749
In base 13, what is 63638 - 5b?
635aa
In base 4, what is -120 + 111030022301?
111030022121
In base 7, what is -3 + 12514402?
12514366
In base 11, what is 4 + 45a32864?
45a32868
In base 4, what is 11203 + 12003022?
12020231
In base 3, what is -201120200110111002 - 0?
-201120200110111002
In base 9, what is -6 + -123373412?
-123373418
In base 9, what is -5 - -8043645?
8043640
In base 16, what is 27cac71 + 5?
27cac76
In base 13, what is 124237 - 25?
124212
In base 10, what is -23142110 - 4?
-23142114
In base 6, what is -20354353 - -15?
-20354334
In base 9, what is -3677048673 + 2?
-3677048671
In base 3, what is -20000001 + -22021200111?
-22111200112
In base 16, what is 95e4989 - 6?
95e4983
In base 11, what is -4a72 - 10121?
-15093
In base 15, what is -19d2a + -124e?
-1b079
In base 15, what is -5 - b448b?
-b4491
In base 14, what is 13 + 24cb91a?
24cb92d
In base 15, what is 14 + 3e1ed0?
3e1ee4
In base 13, what is 2a200 - -43?
2a243
In base 15, what is d6e4 + -6c?
d677
In base 5, what is 2 - -302421202?
302421204
In base 2, what is 1001110111010010011000001 + 100010?
1001110111010010011100011
In base 15, what is 4 + -2111aa?
-2111a6
In base 5, what is 44243222 - 31?
44243141
In base 16, what is b26 + c8a?
17b0
In base 11, what is 18460424 + -3?
18460421
In base 5, what is 3 + -411110441?
-411110433
In base 3, what is 21022022222220010 + -12?
21022022222212221
In base 3, what is -221222 + -20100122122?
-20101121121
In base 6, what is 304342 + -240103?
24235
In base 11, what is -396 + 239455?
23906a
In base 2, what is -111100101 + 100111010000100?
100110010011111
In base 3, what is -1002100001 - -20?
-1002022211
In base 9, what is -112 - -174476?
174364
In base 14, what is 33db + -d389?
-9d8c
In base 2, what is -1000011100110110110110010 - 11?
-1000011100110110110110101
In base 12, what is 5b55a01 - -16?
5b55a17
In base 5, what is 141112 - -11312?
202424
In base 16, what is 7 + 87ad8c?
87ad93
In base 13, what is 135188 + 6a?
135225
In base 7, what is 361350 + -10551?
350466
In base 9, what is 2640166 - 5?
2640161
In base 16, what is a1a0 + -9d?
a103
In base 9, what is 11 - -604215?
604226
In base 9, what is 20 - -11173158?
11173178
In base 4, what is -1022 + -213211012231?
-213211013313
In base 7, what is -12423 - 244660?
-260413
In base 13, what is ac5b4 + 22?
ac606
In base 4, what is 110113221111 - 2?
110113221103
In base 6, what is 2150351141 + 5?
2150351150
In base 2, what is -100 - 110101110011000100111010110?
-110101110011000100111011010
In base 9, what is -46